Let s(l) = -l**2 - 18*l - 11. Let i be s(-17). What is the tens digit of 390/9 - 2/i?
4
Suppose 0*l = -2*l + 388. What is the tens digit of 1 + -4 + l/2?
9
Suppose q - 11 = 9. Suppose -q*w + 16*w + 540 = 0. What is the hundreds digit of w?
1
Suppose -3*c = -6*c. Suppose -2*b - 4*i + 5*i + 64 = c, 5*i = 2*b - 64. Let w = b + -8. What is the tens digit of w?
2
Let l = 1652 + -427. What is the hundreds digit of l?
2
Let b(x) = x**2 - 2*x - 5. Let a be b(4). Let z(f) = 9*f - 1 + 4 - 2 + a. What is the tens digit of z(2)?
2
Suppose 0 = -2*q + 10, -y = 5*q - 363 - 342. What is the units digit of y?
0
Let d(a) = 169*a + 240. What is the units digit of d(4)?
6
What is the hundreds digit of ((-25)/15 + 1)/((-4)/2814)?
4
What is the tens digit of ((-11)/88*-5946)/((-3)/(-20))?
5
Suppose 144 = -0*l + 4*l. Let s = 61 - l. What is the units digit of s?
5
Suppose 5*a = -58 + 153. Suppose 3*y - a + 7 = 0. Suppose l - 4 = -4*g, 0*l - 5*l - y*g + 68 = 0. What is the units digit of l?
6
Let y = 35 - 33. Suppose 85 = y*m - 3*p, 0 = -m - p - 0*p + 35. What is the units digit of m?
8
Let r(h) = -2*h**2 - h**2 + 4*h**2 + 5. Let f be r(0). What is the units digit of ((-12)/(-3 + f))/(-2)?
3
Suppose 0 = -d - 6 - 2. Let w(t) = -t**3 - 5*t**2 + 9*t + 9. Let n be w(-6). Let c = d - n. What is the units digit of c?
1
Let p = -4 + 5. Suppose 2*a - 3 = p. Suppose -a*u + 3*d + 16 = -40, -5*u + 2*d = -118. What is the units digit of u?
2
Suppose 18 = -3*x + 195. Let o(j) = 11*j + 59. Let g be o(-7). Let p = x + g. What is the units digit of p?
1
Let z(q) = 2*q**3 - 3*q**2 + 2*q + 2. Let b be z(2). Let d be 3/(-6) + 35/b. Suppose -2*w + 208 = 5*o, d*w + w - 216 = -5*o. What is the units digit of o?
0
Suppose 2 = d, -27*y = -32*y - 4*d + 9218. What is the hundreds digit of y?
8
Suppose -1 = 2*i - p - 4, -i + 4*p = 9. Let f be -2 + i + -3 - -2. Suppose 24 = 3*l + 6*w - w, -4*w = f. What is the units digit of l?
8
Let c be 3*2/(-6)*-3. Let b(o) = 7*o**3 + 3*o + 8*o**2 - 4*o**c - 2*o**3 - 1 - 3*o**2. What is the units digit of b(-3)?
8
Suppose -18*s = -22*s + 12. What is the hundreds digit of (-115)/s*(-3 + 0)?
1
Let l = 2152 - 1623. What is the tens digit of l?
2
Suppose -5*r + 7 = -13. Suppose -4*z + 215 = -5*f, r*z + 185 = 7*z + f. What is the tens digit of z?
6
Let u = 101 - 89. Suppose u = -4*a, -298 = -2*r + a + 157. What is the units digit of r?
6
Let o be (-2)/5 + 1248/20. Suppose -2*q + 9 = -1. Suppose q*d - 187 + o = 0. What is the units digit of d?
5
Suppose 2*x - 193 = 1271. Suppose -2*y + x = 3*p - 4*y, -4*y + 732 = 3*p. Suppose 2*s + p = 5*n, -s + 86 = 2*n + 4*s. What is the units digit of n?
8
Let a = 0 + -13. What is the units digit of a/65 + 2382/10?
8
Let f(m) = m**3 + 3*m**2 - 12*m - 8. Let g be f(-5). Suppose -3*d - g*r + 3*r = -117, -3*d + 5*r = -105. What is the units digit of d?
0
Let s(u) = u**3 - 9*u**2 - 4*u - 11. Let d be s(7). Let l = 258 + d. What is the units digit of l?
1
Let c = -360 - -1956. What is the units digit of c?
6
Let y be (-5)/(5/2) + 2. Let r(x) = x. Let z be r(8). What is the tens digit of 22*(12/z + y)?
3
What is the tens digit of ((-36)/(-5))/((-7)/((-9030)/12))?
7
Let d(b) = 4*b**3 - 8 - b**2 - 3*b**3 - 2*b**2 + 7*b**2 - 9*b. Let o(m) = -m**3 - 4*m**2 + 8*m + 7. Let t(u) = 5*d(u) + 6*o(u). What is the tens digit of t(-6)?
5
Let a = -17 + 59. Let y = 95 - a. What is the tens digit of y?
5
Let i(y) = 2*y - 7. Let b be i(6). Suppose -45 = -8*o + b*o. What is the units digit of o?
5
Suppose 36 = 4*o - 4*q, o = 6*o + 2*q - 24. Suppose v - 2*j = -6, -4*v + j = o*j + 37. What is the tens digit of ((-4)/v)/(1/36)?
1
Let u(b) = -26*b**2 + b. Let k be u(2). What is the units digit of 10/(-4)*(-48)/(-40) - k?
9
Let r(c) = 2*c**2 - 10*c + 33. Let v be r(4). Suppose 2*s = -5*d + v, s = -d - 3*s + 23. What is the units digit of d?
3
What is the units digit of 8 + (3 + -20)*-36?
0
Let x = 16 - 17. What is the units digit of 999/45 - x/(-5)?
2
Let i be (-86)/6 - 1/(-3). What is the units digit of (-1)/(i/329) + (-2)/4?
3
Let j(d) = d**2 + 8*d - 27. Let f be j(-21). Let m = f - 129. What is the tens digit of m?
1
Let s = -1077 + 2165. What is the thousands digit of s?
1
Let i(z) be the first derivative of -z**5/20 + 3*z**4/4 + z**3/6 - z**2/2 - 2*z - 3. Let n(b) be the first derivative of i(b). What is the units digit of n(9)?
8
Let h = 49 + 4. Let q = h - 31. What is the tens digit of q?
2
Let t(x) = -x**3 + 3*x**2 + x - 1. Let c = 5 - 3. Let q be t(c). Suppose 51 = 3*b - h + 8, 61 = q*b + h. What is the tens digit of b?
1
Suppose 4*u = 5*a + 6*u - 3107, 0 = 5*a - u - 3104. What is the tens digit of a?
2
Suppose 2*b - 20 = 3*b. Let g(w) = w**3 + 20*w**2 + 2. Let q be g(b). Suppose -6 = 2*l + 4*m, 2*l + q*m - 18 = -2*l. What is the units digit of l?
7
Let b(n) = n**2 - 5*n + 4. Let p be b(4). Let j(g) = g + 5. Let y be j(p). Suppose o - 3 = -0*o - y*u, -3 = -o + 5*u. What is the units digit of o?
3
Let l(r) = 45*r + 34. Let j(h) = -2*h + 31. Let d be j(12). What is the tens digit of l(d)?
4
Suppose -12*l = -17*l + 5. What is the units digit of (26 + -2 + 5)/(0 + l)?
9
What is the thousands digit of 3303/(-21*(-8)/112)?
2
Suppose -4 = 2*t - n - 2*n, -6 = 3*t - n. Let v = 30 - t. What is the tens digit of v?
3
Let i be -1*(3 - (2 - -6)). Suppose -i*u = -5 - 10. Suppose 143 = 5*b + u. What is the tens digit of b?
2
Let y = -5 - -13. Suppose -4*r - 2*h = -6, -1 = 5*r - 3*h + y. Suppose r*a = -3*a - n + 11, 3*n - 9 = 3*a. What is the units digit of a?
2
Suppose -2*u + 814 = 4*v, 0 = -v - 12 + 17. What is the units digit of u?
7
Let z(b) be the second derivative of b**4/4 + b**3/6 - 4*b**2 + 9*b. What is the units digit of z(5)?
2
Let x = 34 + -50. Let g = x + 22. Suppose g*t = 5 + 1. What is the units digit of t?
1
Suppose -8*z - 733 + 10941 = 0. What is the thousands digit of z?
1
Let c(g) = g + 8. Let y be ((-12)/10)/(15/100). Let x be c(y). Suppose -47 = -2*j + r, x*j + 25 = j - r. What is the units digit of j?
2
Let s = 573 + 5. What is the units digit of s?
8
Suppose -13*y - 5*t - 564 = -17*y, 3*t = 5*y - 692. What is the tens digit of y?
3
Let o = 1 + 1. Suppose -o*w + 4*r + 32 = 2*w, w - 23 = 4*r. What is the units digit of w?
3
Suppose 9 - 7 = s. Suppose -4*i + s*p = -312, 2*p + p - 302 = -4*i. What is the units digit of i?
7
Let x(u) = -u + 14. Let t(r) = r**3 - 9*r**2 - 2*r + 18. Let a be t(9). What is the units digit of x(a)?
4
Let x(z) = -3*z + 15. Let w be x(11). Let b = w + 3. What is the tens digit of -201*(-2 - -7)/b?
6
Let z(t) = 2*t**2 + 9*t + 16. Let x(a) = 3*a**2 + 18*a + 32. Let j(p) = 3*x(p) - 5*z(p). Let s be j(12). Let o = s - -24. What is the units digit of o?
4
Suppose -1209 = -3*q + 3900. What is the thousands digit of q?
1
Suppose 3*m - 4*f - 160 = 0, -112 = -2*m + 4*f - 0*f. Let h = 56 - m. What is the units digit of h?
8
Let i(s) = -6*s - 9. Let j(h) = -18*h - 26. Let w(r) = -14*i(r) + 5*j(r). What is the units digit of w(-18)?
4
Suppose -3*x = -2*x - 252. Suppose 5*f - 8*f = -x. What is the tens digit of f?
8
Let w = -16 + 39. Let d = -16 + w. What is the tens digit of 310/d + 34/(-119)?
4
Suppose 5*f = -f + 102. Suppose -22*q = -f*q - 80. What is the units digit of q?
6
Let q = 28 + -13. Suppose -6*p = -3*o - p + 11, 3*o = p + 7. What is the tens digit of (50/q)/(o/15)?
2
Suppose -3*n + 15 = -0*n. Let q be n + 0/3 - 1. Suppose 67 - 3 = q*r. What is the units digit of r?
6
Suppose -8*t - 156 + 436 = 0. What is the tens digit of t?
3
Let t = -375 + 967. Suppose -5*u = 3*d - 444, -u = -3*d - d + t. What is the units digit of d?
8
Suppose 0 = -3*m + 2*g + 11425, -5*m - 3*g - 437 = -19447. What is the hundreds digit of m?
8
Let r(i) = i**3 + i**2 - i + 6. Let p be r(0). Suppose -296 = -p*b + 2*b. Let o = b + -47. What is the tens digit of o?
2
Let v(o) = -176*o**2 + 18*o + 8. Let a be v(-5). What is the tens digit of (0 + (-1)/3)*a/18?
8
Let q = 6 + 5. Suppose -2*k = 4*l - 26, k - 5*l + l + q = 0. Suppose 2*r - 37 = 5*f, k*f - 4 = 1. What is the tens digit of r?
2
Suppose -66*u = -75*u + 8109. What is the tens digit of u?
0
Let w(b) = b**3 - 3*b**2 - 14*b - 1. Let o be w(11). Suppose 2*v + v = o. What is the tens digit of v?
7
Let b(c) = -13*c**3 + 9*c**2 + 3*c - 6. What is the tens digit of b(-3)?
1
Suppose 6 = o + 4*i, -